 is the greatest common divisor of 12748 and 4?
4
What is the highest common divisor of 348 and 435?
87
Calculate the highest common factor of 16055 and 95.
95
Calculate the highest common divisor of 35 and 55.
5
Calculate the highest common divisor of 48 and 312.
24
Calculate the highest common factor of 763 and 218.
109
Calculate the highest common divisor of 459 and 17.
17
Calculate the highest common divisor of 2575 and 25.
25
What is the greatest common factor of 1111 and 1414?
101
Calculate the highest common factor of 54 and 351.
27
What is the highest common divisor of 181 and 2?
1
Calculate the highest common factor of 434 and 14.
14
What is the highest common divisor of 1769 and 464?
29
Calculate the highest common divisor of 1 and 1.
1
What is the highest common factor of 19 and 589?
19
Calculate the greatest common divisor of 64 and 752.
16
Calculate the greatest common factor of 287 and 1476.
41
What is the greatest common divisor of 28 and 448?
28
What is the highest common factor of 2401 and 98?
49
What is the greatest common factor of 110 and 264?
22
What is the greatest common divisor of 841 and 29?
29
Calculate the highest common divisor of 52 and 5824.
52
Calculate the greatest common divisor of 6465 and 60.
15
What is the highest common factor of 1209 and 546?
39
Calculate the greatest common factor of 36 and 369.
9
Calculate the highest common factor of 16 and 11.
1
What is the greatest common factor of 71 and 1349?
71
Calculate the greatest common factor of 665 and 280.
35
Calculate the highest common divisor of 43 and 1.
1
What is the greatest common factor of 478 and 8?
2
Calculate the highest common factor of 480 and 2280.
120
What is the greatest common factor of 13193 and 79?
79
Calculate the highest common divisor of 299 and 69.
23
What is the highest common factor of 56 and 4088?
56
Calculate the highest common factor of 19 and 38.
19
Calculate the highest common factor of 154 and 14.
14
What is the highest common factor of 6928 and 16?
16
Calculate the highest common factor of 6 and 309.
3
What is the highest common factor of 164 and 15990?
82
Calculate the highest common factor of 345 and 15.
15
Calculate the greatest common divisor of 6391 and 154.
77
What is the greatest common divisor of 2607 and 11?
11
What is the greatest common factor of 228 and 2679?
57
What is the greatest common divisor of 30 and 1635?
15
Calculate the greatest common factor of 2492 and 28.
28
Calculate the greatest common divisor of 1088 and 629.
17
What is the greatest common factor of 644 and 406?
14
Calculate the highest common factor of 1690 and 260.
130
What is the greatest common factor of 6 and 4?
2
What is the greatest common factor of 36 and 126?
18
What is the highest common divisor of 120 and 1020?
60
What is the highest common factor of 32 and 224?
32
Calculate the highest common factor of 489 and 3.
3
What is the greatest common divisor of 110 and 1925?
55
What is the highest common factor of 500 and 48?
4
Calculate the greatest common divisor of 65 and 104.
13
Calculate the highest common divisor of 106 and 16642.
106
Calculate the greatest common factor of 146 and 26280.
146
What is the greatest common factor of 1368 and 4712?
152
Calculate the highest common divisor of 39 and 141.
3
Calculate the greatest common divisor of 52 and 65.
13
What is the highest common divisor of 319 and 77?
11
What is the greatest common divisor of 1155 and 715?
55
Calculate the greatest common factor of 812 and 29.
29
Calculate the highest common factor of 2727 and 505.
101
Calculate the highest common divisor of 27 and 1350.
27
Calculate the highest common factor of 722 and 38.
38
Calculate the highest common divisor of 44 and 1764.
4
Calculate the highest common divisor of 234 and 36.
18
Calculate the highest common factor of 16172 and 52.
52
What is the greatest common divisor of 191 and 2?
1
Calculate the greatest common factor of 552 and 4623.
69
What is the greatest common factor of 1269 and 94?
47
Calculate the greatest common factor of 600 and 72.
24
Calculate the highest common factor of 1265 and 880.
55
What is the highest common factor of 2409 and 1752?
219
Calculate the greatest common factor of 10 and 106.
2
Calculate the highest common factor of 980 and 80.
20
Calculate the highest common factor of 70 and 3885.
35
Calculate the highest common divisor of 11 and 143.
11
Calculate the highest common divisor of 140 and 220.
20
Calculate the highest common divisor of 17 and 306.
17
What is the highest common divisor of 64 and 37408?
32
Calculate the highest common factor of 168 and 42.
42
Calculate the highest common divisor of 575 and 23.
23
What is the highest common factor of 1 and 27?
1
What is the highest common divisor of 16 and 8456?
8
What is the highest common factor of 2696 and 16?
8
What is the highest common factor of 72 and 1776?
24
Calculate the highest common factor of 93 and 744.
93
Calculate the highest common factor of 1960 and 140.
140
What is the greatest common factor of 39 and 5?
1
What is the greatest common factor of 3324 and 36?
12
Calculate the greatest common factor of 36 and 98.
2
What is the highest common divisor of 45 and 729?
9
What is the highest common divisor of 28 and 756?
28
What is the greatest common factor of 10 and 330?
10
Calculate the greatest common divisor of 76 and 816.
4
What is the highest common factor of 45 and 5?
5
What is the greatest common divisor of 1965 and 524?
131
Calculate the greatest common factor of 4175 and 100.
25
Calculate the greatest common divisor of 192 and 72.
24
Calculate the greatest common divisor of 192 and 128.
64
Calculate the highest common divisor of 512 and 8.
8
What is the highest common divisor of 159 and 6519?
159
What is the highest common divisor of 100 and 6130?
10
Calculate the greatest common divisor of 60 and 750.
30
What is the greatest common factor of 17 and 459?
17
Calculate the greatest common divisor of 522 and 116.
58
What is the highest common divisor of 115 and 92?
23
What is the greatest common divisor of 510 and 135?
15
Calculate the greatest common divisor of 1120 and 70.
70
What is the greatest common factor of 561 and 297?
33
What is the greatest common divisor of 144 and 2088?
72
Calculate the greatest common divisor of 1392 and 112.
16
What is the greatest common factor of 12 and 3252?
12
Calculate the highest common factor of 621 and 729.
27
Calculate the greatest common factor of 126 and 3990.
42
What is the greatest common factor of 64 and 320?
64
Calculate the highest common factor of 13148 and 152.
76
What is the greatest common factor of 30 and 695?
5
Calculate the greatest common divisor of 32 and 40.
8
Calculate the greatest common factor of 78 and 273.
39
What is the highest common divisor of 1775 and 71?
71
Calculate the greatest common factor of 9853 and 167.
167
Calculate the highest common factor of 63 and 315.
63
Calculate the highest common factor of 205 and 451.
41
Calculate the highest common divisor of 22 and 11.
11
Calculate the greatest common divisor of 480 and 435.
15
Calculate the highest common factor of 7025 and 1686.
281
Calculate the greatest common divisor of 21 and 4137.
21
What is the greatest common factor of 585 and 260?
65
Calculate the greatest common factor of 152 and 712.
8
Calculate the highest common divisor of 24 and 372.
12
Calculate the greatest common divisor of 11 and 693.
11
What is the highest common divisor of 58 and 1334?
58
Calculate the highest common divisor of 19768 and 56.
56
What is the highest common factor of 133 and 38?
19
Calculate the highest common factor of 9 and 9.
9
Calculate the greatest common divisor of 636 and 106.
106
Calculate the highest common factor of 1188 and 324.
108
What is the highest common divisor of 248 and 1426?
62
What is the highest common divisor of 60 and 140?
20
What is the highest common factor of 221 and 85?
17
Calculate the highest common divisor of 84 and 966.
42
What is the greatest common divisor of 12 and 136?
4
What is the highest common divisor of 10 and 6170?
10
Calculate the greatest common divisor of 6 and 147.
3
What is the greatest common factor of 400 and 8600?
200
Calculate the greatest common divisor of 1220 and 20.
20
What i